st the prime factors of 2/(-11) + 11670/k.
2, 53
Let l(m) be the third derivative of 8*m**2 + 13/6*m**4 + 0 - 1/6*m**3 + 0*m. List the prime factors of l(1).
3, 17
Suppose -18*o = -10*o + 288. Let x be -3*(-4)/o*-9. Suppose 2*c - 2*h = -x*c + 372, 2*c = 3*h + 140. What are the prime factors of c?
2, 19
List the prime factors of (1537/5 + -1)/(454/7945).
2, 7, 383
Let s = 92571 + -60079. What are the prime factors of s?
2, 8123
Let x = -301 - -481. What are the prime factors of ((-798)/(-35))/(3/x)?
2, 3, 19
Suppose 9*k + 0*k - 1116 = 0. Suppose w - 425 = k. List the prime factors of w.
3, 61
Let a(m) = -m**2 + 23*m - 33. Suppose 34 = 2*u - 3*n, 5*u - 5*n = u + 64. What are the prime factors of a(u)?
3, 11
Let f(b) = 0 + 5 - 20*b**2 - 10*b**3 + 3*b + 14*b**2 + 1. Let g be f(-3). Suppose 4*l - g = l. What are the prime factors of l?
71
Suppose 3*b = 5*h - 115, -b = 2*b - 15. List the prime factors of (-294)/(-10) - h/65.
29
Let b(l) = -l**3 + 14*l**2 - 10*l - 32. Let u be b(13). Suppose -15*h + u*h = -208. What are the prime factors of h?
2, 13
Suppose -3*u = -9, 2*z + 2*u = 7*z + 36. Let a(p) = 2*p**3 + 13*p**2 + 5*p - 12. Let y be a(z). What are the prime factors of (-436)/y + (-1 - 12/(-9))?
73
Suppose d + 2*a - 1071 = 0, -5*d - a - 1080 = -6*d. Let x = -762 + d. What are the prime factors of x?
3, 5, 7
Let c(w) = w**3 - 2*w**2 - 7*w + 8. Let i be c(3). List the prime factors of i - (-2 + -413 - -3).
2, 3, 17
Suppose 23 = -5*z + 8. Let u be 0 - 34/z - 2/(-3). What are the prime factors of 93/((1 - -2)/u*3)?
2, 31
Let l = 13626 + -4096. What are the prime factors of l?
2, 5, 953
Let n(r) = -2*r + 43. Suppose -14*x - 20 = -15*x. Let p be n(x). Suppose -660 + 198 = -p*f. List the prime factors of f.
2, 7, 11
Let y be -1995*((-5)/(-10) + (-3)/(-2)). What are the prime factors of y/(-24) - ((-12)/(-16))/3?
2, 83
Let c(v) = v**3 + 49*v**2 + 84*v - 3. What are the prime factors of c(-41)?
73, 137
Let r = 753 - 744. Suppose u - 1006 = -2*z, r*u + 3*z = 10*u - 1031. What are the prime factors of u?
2, 127
Suppose 3*x - 4*x + f + 6688 = 0, 0 = -2*x + f + 13370. What are the prime factors of x?
2, 13, 257
Let t(v) = v**2 + 8*v + 324. Let r be t(0). Let a = -96 + r. What are the prime factors of a?
2, 3, 19
Let j(x) = 3*x**2 + 47*x - 11. Let n be j(-16). Suppose 4*a - 2747 = -5*b + 1368, n*a = 2*b - 1646. What are the prime factors of b?
823
Let w(c) = -3*c**3 + 15*c**2 + 126*c + 2490. What are the prime factors of w(-17)?
2, 3, 13, 83
Let c be (10/10)/(3/177). Let z = c + -51. Suppose -42 = -z*i + 38. List the prime factors of i.
2, 5
Suppose 93*l - 90*l - 38691 = 0. List the prime factors of l.
3, 1433
Let w(n) = 4*n**3 - 4501 - 29*n**2 + 4476 - 4*n**2 + 18*n. What are the prime factors of w(10)?
3, 5, 19
Let m be ((-1)/2)/(8/(-112)). Let o = 16 - m. What are the prime factors of (1 - 3/o)*4683/14?
223
Let u be 24/21 + (-1)/7 + 184. Suppose -181 = 2*w + 4*l + 153, w = 4*l - u. Let o = w + 290. What are the prime factors of o?
3, 13
Let t be (2502/(-12))/((-3)/14). Let w = t - 271. What are the prime factors of w?
2, 3, 13
Let s(a) = -2*a - 30. Let c be s(-10). What are the prime factors of 1560/c*(-15)/4?
3, 5, 13
Suppose 4*k - 3*w - 596 = -2*w, -k - 3*w + 136 = 0. Suppose 10 + 2 = 4*t. Suppose -t*j - 4 + k = 0. What are the prime factors of j?
2, 3
Suppose -17*x = -16*x - 4. Suppose -6*p = -5*p - x. Suppose p*o - 129 = 3*o. List the prime factors of o.
3, 43
Let k(s) = -s**3 - 2*s**2 - 3*s - 4. Let b be k(-2). Let d be (4 + 1 + b)/((-6)/(-90)). Let z = d + -42. What are the prime factors of z?
3, 7
Let x be 1 + 8 + (-2)/(-1). Suppose 2*z + 114*z - 151960 = 0. Suppose z + 274 = x*c. List the prime factors of c.
2, 3
Suppose 3*c - 560 = 3*w + 5*c, 190 = -w - 4*c. Let t = w + 274. List the prime factors of t/12*(-6)/(-4).
11
Suppose -3*j - 8*p + 4*p + 60 = 0, 5*j - 3*p = 129. Let h be 20/6*j/20. Suppose 12*u - h - 44 = 0. List the prime factors of u.
2
Let k(a) = -4*a**2 - 5*a - 21. Let o(j) = j**2 - 3. Let b(y) = -k(y) - 3*o(y). What are the prime factors of b(-20)?
2, 3, 5, 11
Let p be ((-192)/72)/((-1)/1398 - 0). Suppose -4*j = -3*d + 2785, 2*j = -4*d - 0*d + p. List the prime factors of d.
7, 19
Let n(b) = b**2 + 7*b - 29. Let a be n(-13). Let p be ((-14)/a + 2/7)/(-2). Suppose p*u - 5*u + 966 = 3*d, 6 = -2*d. List the prime factors of u.
3, 5, 13
Let f be (-12)/(-9)*243/(-2). Let b = f + 766. List the prime factors of b.
2, 151
Let u(v) = v**2 - 14*v - 35. Let l be u(16). Let w be l - -1 - (-3 + 1 - -125). Let r = -66 - w. What are the prime factors of r?
59
Let x = 27610 + -18425. What are the prime factors of x?
5, 11, 167
Suppose -2*d - 3*d = -25. Suppose d*y - 2*l - 1259 = 2735, 0 = -4*y + 2*l + 3194. Suppose -4*i - 4*k = -y, -i - 4*k - 792 = -5*i. List the prime factors of i.
199
Let s be (3/(-3))/((-1)/3). Let p be (12 - 17)*(-3)/(s/2). List the prime factors of (514/p - 24/60) + -1.
2, 5
Let q(r) = -2472*r + 8775. List the prime factors of q(-5).
3, 5, 1409
Let n(r) = -557*r - 2463. Let k be n(-9). Let s be 7 - (-2 - -2 - 1). Suppose 9*y - k = -s*y. What are the prime factors of y?
2, 3, 5
Suppose 511304 = 32*k + 142728. What are the prime factors of k?
2, 13, 443
Let r = 59455 - -18430. List the prime factors of r.
5, 37, 421
List the prime factors of (20692/(-63))/(-1)*9 + 7.
2963
List the prime factors of (-357)/(-42) + -9 - 3957/(-2).
2, 23, 43
Let h = 20 + -13. Suppose 4*r = -h*r. Suppose 5*a = -3*i + 2*a + 138, r = 4*i - 2*a - 214. List the prime factors of i.
3, 17
Suppose -h + 34 = 22. List the prime factors of (-7)/(84/(-5949)) - (-3)/h.
2, 31
Let j(v) be the second derivative of -5/2*v**2 - 2*v + 1/6*v**3 - 3/5*v**5 - 1/12*v**4 - 16. List the prime factors of j(-2).
5, 17
Let x(v) = 3*v**2 + 41. Let h be x(-14). Let d = -435 + h. Let j = d + -111. List the prime factors of j.
83
Let t(q) = q**3 + 14*q**2 + 12*q - 12. Let i be t(-13). Let u be 636/(-9) - i/3. List the prime factors of 2/(-1*2/u).
71
Let w(j) be the first derivative of j**4/4 - 5*j**3/3 + 13*j**2/2 - j + 228. What are the prime factors of w(13)?
2, 5, 19
Suppose -q = 2*x - 11, 85*x - 3*q = 90*x - 27. Suppose 3*k = x, -2336 = -5*c + 5*k + 4084. What are the prime factors of c?
2, 643
Let t(s) = s**3 - 41*s**2 + 60*s - 68. List the prime factors of t(44).
2, 5, 419
Let w be (15 + -9 - 7)/((-1)/4). Suppose -35*r + 6569 = -30*r + w*c, 3*r - 3938 = c. List the prime factors of r.
13, 101
Let v = 63 - 63. Suppose 0 = -f + 5, -b - b - 4*f - 44 = v. Let n = b - -65. List the prime factors of n.
3, 11
Let h = 730 - -5470. What are the prime factors of h?
2, 5, 31
Suppose -3*b = -42 + 30. Suppose 2*q + b*v = 1272, 0 = -5*q + 5*v + 178 + 3002. List the prime factors of (3/(-6))/((-3)/q + 0).
2, 53
Let c be (1/(-2))/((-2)/4)*0. Suppose -4*u + c*u = -3036. List the prime factors of u.
3, 11, 23
Let b(x) = -x**3 - 8*x**2 - 10*x - 9. Let r be b(-8). Let f = 390 + -292. Suppose -3*w = 2*i - f, 2*w = -2*i - 7 + r. What are the prime factors of w?
2, 17
Suppose -5*w = 3*q - 6, -4*w + 8*w = 3*q - 33. Let j(d) = 5*d**2 - 5*d + 51. What are the prime factors of j(q)?
3, 29
Let n = -34649 + 46544. What are the prime factors of n?
3, 5, 13, 61
Let s(a) = -a**3 + 67*a**2 - 119*a + 204. What are the prime factors of s(61)?
15271
What are the prime factors of (75005/175)/(3*4/120)?
2, 2143
Let p be 4/22 - 4/22. Suppose -9*m + 301 + 176 = p. Suppose -115 = -3*h + m. List the prime factors of h.
2, 7
Suppose 0 = -5*t + 2 - 12. Let c be t/((-4 - 1)/5). Suppose 0 = 4*f - 8, -60 = -c*h + 3*f - 7*f. List the prime factors of h.
2, 13
Let c = -13135 + 19449. What are the prime factors of c?
2, 7, 11, 41
Let u(f) = 5*f**3 - 4*f**2 - 4*f - 4. Let y be u(-3). Let j = -228 - y. Let v = 126 + j. What are the prime factors of v?
61
Suppose -27*l + 300 = -24. Suppose 4*q - l*q = -3352. What are the prime factors of q?
419
Suppose 0*u = 11*u - 2079. Suppose 0 = -5*d - u + 2009. What are the prime factors of d?
2, 7, 13
Suppose 0 = -3*w + 5*u + 11 + 20, 5*w = -4*u - 10. Suppose 2*r - 3*d - 862 = 0, -3*r + 912 = w*d - 355. List the prime factors of r.
5, 17
Let b be ((-3)/(-6))/(-5 + 209/42). What are the prime factors of b/(-12)*(240 - 8)?
2, 7, 29
Let n = -175 + 136. What are the prime factors of n/(-91